{"id":19013,"date":"2024-08-08T09:52:10","date_gmt":"2024-08-08T07:52:10","guid":{"rendered":"https:\/\/anciensmeteos.info\/?page_id=19013"},"modified":"2026-02-03T11:42:29","modified_gmt":"2026-02-03T10:42:29","slug":"ma-page-travail","status":"publish","type":"page","link":"https:\/\/anciensmeteos.info\/","title":{"rendered":"AAM accueil"},"content":{"rendered":"\n<hr class=\"wp-block-separator has-text-color has-alpha-channel-opacity has-background is-style-wide\" style=\"background-color:#0032c8;color:#0032c8\"\/>\n\n\n\n<!DOCTYPE html>\n  <html lang=\"en-US\">\n  <head>\n    <meta charset=\"utf-8\">\n    <meta name=\"viewport\" content=\"width=device-width\">\n    <title>Nos activit\u00e9s<\/title>\n    <style>\n      html {\n        font-family: sans-serif;\n      }\n\n      body {\n        margin: 0;\n\t\tbackground-color:#FFFFFF;\n      }\n      \n\t  .img top { \n\t     top: 80px;\n\t\t vertical-align: text-top; \n\t } \n\t \n\t .box img { \n\t\t display:block; \n\t\t background-color:#FFFFFF;\n\t }\n\t\n\t\n     section{\n\t    display:flex;\n\t\tflex-wrap: wrap;\n\t\twidth: 1100px;\n\t\tjustify-content: space-between;\n      } \n    <\/style>\n  <\/head>\n  \n  \n  <body>\t\n\t   <section>\n\t   \n       <!-- ********************************************************************** -->\n\t   \n\t   <article> <!-- titre actus -->\n \t   <div class=\"box\"> \n\t\t <img loading=\"lazy\" decoding=\"async\" class=\"top\" alt=\"bloc titre favoris\" src=\"https:\/\/anciensmeteos.info\/wp-content\/uploads\/2024\/09\/titre-dernieres-actus.png\"  width=\"542\" height=\"20\" \/> \n\t   <\/div>\n\t   <\/article> <!-- fin titre actus -->\n\n\t   <!-- ********************************************************************** -->\n\n\t   <article> <!-- titre favoris -->\n       <div class=\"box\"> \n\t\t <img loading=\"lazy\" decoding=\"async\" class=\"top\" alt=\"bloc titre favoris\" src=\"https:\/\/anciensmeteos.info\/wp-content\/uploads\/2024\/09\/titre-favoris.png\"  width=\"542\" height=\"20\" \/> \n\t\t<\/div> \n        <\/article> <!-- fin titre favoris -->\n\t   \n\t    <!-- ********************************************************************** -->\n \n    <\/section> <!-- <\/section> -->\n<\/body>\n\n\n<html>\n\n\n\n<div style=\"height:15px\" aria-hidden=\"true\" class=\"wp-block-spacer\"><\/div>\n\n\n\n<meta charset=\"utf-8\">\n    <meta name=\"viewport\" content=\"width=device-width\">\n    <title>Nos activit\u00e9s<\/title>\n    <style>\n      html {\n        font-family: sans-serif;\n      }\n\n      body {\n        margin: 0;\n\t\tbackground-color:#FFFFFF;\n      }\n      \n\t  .img top { \n\t     top: 80px;\n\t\t vertical-align: text-top; \n\t } \n\t \n\t .box img { \n\t\t display:block; \n\t\t background-color:#FFFFFF;\n\t }\n\t\n\t\n     section{\n\t    display:flex;\n\t\tflex-wrap: wrap;\n\t\twidth: 1100px;\n\t\tjustify-content: space-between;\n      } \n    <\/style>\n  \n  \n  \n  \t\n\t   <section>\n\t   \n \t   <!-- ********************************************************************** -->\n\t   \n\t   <article> <!-- bloc aec207 -->\n \t   <div class=\"box\"> \n\t\t <img loading=\"lazy\" decoding=\"async\" class=\"top\" alt=\"bloc date\" src=\"https:\/\/anciensmeteos.info\/wp-content\/img-accueil\/20260117-date-aec-207.png\" width=\"170\" height=\"20\"> \n\t   <\/div> \n\t   <div class=\"box\">\n\t     <a href=\"https:\/\/anciensmeteos.info\/?p=13422\">\t   \n  \t     <img loading=\"lazy\" decoding=\"async\" class=\"top\" alt=\"bloc lien 1\" src=\"https:\/\/anciensmeteos.info\/wp-content\/img-accueil\/20260117-image-lien-aec207.png\" width=\"170\" height=\"240\"><\/a> \n\t   <\/div> \n\t   <div class=\"box\">   \n  \t     <img loading=\"lazy\" decoding=\"async\" class=\"top\" alt=\"image inf\" src=\"https:\/\/anciensmeteos.info\/wp-content\/img-accueil\/20260117-image-inf-aec207.png\" width=\"170\" height=\"20\"> \n\t   <\/div> \n\t   \n       <\/article> <!-- bloc aec207 -->\n\t      \n\t    <!-- ********************************************************************** -->\n\n\t   <article> <!-- bloc AG Alsace -->\n       <div class=\"box\"> \n\t\t <img loading=\"lazy\" decoding=\"async\" class=\"top\" alt=\"bloc date\" src=\"https:\/\/anciensmeteos.info\/wp-content\/img-accueil\/20260101-date-ag-2026.png\" width=\"170\" height=\"20\"> \n\t\t<\/div> \n\t\t<div class=\"box\">\t \n\t\t <img loading=\"lazy\" decoding=\"async\" class=\"top\" alt=\"bloc img\" src=\"https:\/\/anciensmeteos.info\/wp-content\/img-accueil\/20260101-image-ag-2026.png\" width=\"170\" height=\"120\"> \n\t\t<\/div>\t \n\t\t<div class=\"box\"> \n\t\t <img loading=\"lazy\" decoding=\"async\" class=\"top\" alt=\"bloc titre\" src=\"https:\/\/anciensmeteos.info\/wp-content\/img-accueil\/20260101-titre-ag-2026.png\" width=\"170\" height=\"60\"> \n\t\t<\/div>\t \n\t\t<div class=\"box\"> \n\t     <a href=\" https:\/\/anciensmeteos.info\/wp-content\/uploads\/2025\/12\/20260101-programme-Orbey-2026.pdf\">\n\t\t <img loading=\"lazy\" decoding=\"async\" class=\"top\" alt=\"bloc lien1\" src=\"https:\/\/anciensmeteos.info\/wp-content\/img-accueil\/20260101-lien1-ag-2026.png\" width=\"170\" height=\"30\"> <\/a>\n\t\t<\/div>\t \n\t\t<div class=\"box\"> \n\t      <a href=\"https:\/\/anciensmeteos.info\/wp-content\/uploads\/2026\/01\/20260101-info-inscription-AG-Orbey-2026-saisie.pdf\">\n\t\t <img loading=\"lazy\" decoding=\"async\" class=\"top\" alt=\"bloc lien2\" src=\"https:\/\/anciensmeteos.info\/wp-content\/img-accueil\/20260101-lien2-ag-2026.png\" width=\"170\" height=\"30\"> <\/a>\n\t\t<\/div>        \n\t\t<div class=\"box\"> \n\t      <a href=\"https:\/\/anciensmeteos.info\/wp-content\/uploads\/2026\/01\/20260101-info-inscription-AG-Orbey-2026.doc\">\n\t\t <img loading=\"lazy\" decoding=\"async\" class=\"top\" alt=\"bloc lien2\" src=\"https:\/\/anciensmeteos.info\/wp-content\/img-accueil\/20260101-lien3-ag-2026.png\" width=\"170\" height=\"30\"> <\/a>\n\t\t<\/div>        \n        <\/article> <!-- fin bloc AG Alsace -->\n\t      \n        <!-- ********************************************************************** -->\n\n\t   <article> <!-- bloc concours nouvelles 2026 -->\n       <div class=\"box\"> \n\t\t <img loading=\"lazy\" decoding=\"async\" class=\"top\" alt=\"bloc date\" src=\"https:\/\/anciensmeteos.info\/wp-content\/img-accueil\/20251125-date-concours-nouvelles-2026.png\" width=\"170\" height=\"20\"> \n\t\t<\/div> \n\t\t<div class=\"box\">\t \n\t\t <img loading=\"lazy\" decoding=\"async\" class=\"top\" alt=\"bloc img\" src=\"https:\/\/anciensmeteos.info\/wp-content\/img-accueil\/20251125-image-concours-nouvelles-2026.png\" width=\"170\" height=\"120\"> \n\t\t<\/div>\t \n\t\t<div class=\"box\"> \n\t\t <img loading=\"lazy\" decoding=\"async\" class=\"top\" alt=\"bloc titre\" src=\"https:\/\/anciensmeteos.info\/wp-content\/img-accueil\/20251125-titre-concours-nouvelles-2026.png\" width=\"170\" height=\"60\"> \n\t\t<\/div>\t \n\t\t<div class=\"box\"> \n\t     <a href=\"https:\/\/anciensmeteos.info\/?p=20769\">\n\t\t <img loading=\"lazy\" decoding=\"async\" class=\"top\" alt=\"bloc lien1\" src=\"https:\/\/anciensmeteos.info\/wp-content\/img-accueil\/20251125-lien1-concours-nouvelles-2026.png\" width=\"170\" height=\"30\"> <\/a>\n\t\t<\/div>\t \n\t\t<div class=\"box\"> \n\t      <a href=\"https:\/\/anciensmeteos.info\/wp-content\/uploads\/2025\/11\/2026-reglement-concours-nouvelles.pdf\">\n\t\t <img loading=\"lazy\" decoding=\"async\" class=\"top\" alt=\"bloc lien2\" src=\"https:\/\/anciensmeteos.info\/wp-content\/img-accueil\/20251125-lien2-concours-nouvelles-2026.png\" width=\"170\" height=\"60\"> <\/a>\n\t\t<\/div>        \n        <\/article> <!-- fin bloc concours nouvelles 2026 -->\n\t   \n\t    <!-- ********************************************************************** -->\n\t   \n\t   <article>\t  \n \t   <div class=\"box\"> <!-- bloc aam en bref-->\n\t     <a href=\"https:\/\/anciensmeteos.info\/?p=20116\">\n\t\t <img loading=\"lazy\" decoding=\"async\" class=\"top\" alt=\"bloc lien aam en bref\" src=\"https:\/\/anciensmeteos.info\/wp-content\/img-accueil\/bloc-favori-aam-en-bref.jpg\" width=\"170\" height=\"290\"> <\/a>\n\t   <\/div> \n       <\/article> <!-- fin bloc aam en bref-->\n\t   \n\t   <!-- ********************************************************************** -->\n\t   \n\t   <article> <!-- bloc infos sociales -->   \n \t   <div class=\"box\"> \n\t     <a href=\"https:\/\/anciensmeteos.info\/?p=16974\">\n\t\t <img loading=\"lazy\" decoding=\"async\" class=\"top\" alt=\"bloc infos sociales\" src=\"https:\/\/anciensmeteos.info\/wp-content\/img-accueil\/bloc-favori-social.jpg\" width=\"170\" height=\"290\"> <\/a>\n\t   <\/div>         \n       <\/article> <!-- fin bloc infos sociales -->\n\t   \n\t   <!-- ********************************************************************** -->\n\t  \n\t   <article> <!-- bloc lettre info-->\n \t   <div class=\"box\"> \n\t     <a href=\"https:\/\/anciensmeteos.info\/?page_id=12240\">\n\t\t <img loading=\"lazy\" decoding=\"async\" class=\"top\" alt=\"bloc new letter\" src=\"https:\/\/anciensmeteos.info\/wp-content\/img-accueil\/bloc-favori-lettre-info.jpg\" width=\"170\" height=\"290\"> <\/a>\n\t   <\/div>         \n       <\/article> <!-- fin bloc lettre info-->\n\t  \n\t   <!-- ********************************************************************** -->\n\t  \n    <\/section> <!-- <\/section> -->\n\n\n\n<div style=\"height:15px\" aria-hidden=\"true\" class=\"wp-block-spacer\"><\/div>\n\n\n\n<!DOCTYPE html>\n<html lang=\"fr\">\n  <head>\n    <meta charset=\"utf-8\">\n    <meta name=\"viewport\" content=\"width=device-width\">\n    <title>Nos activit\u00e9s<\/title>\n    <style>\n      html {\n        font-family: sans-serif;\n      }\n\n      body {\n        margin: 0;\n      }\n\t.img top { \n\t     top: 80px;\n\t\t vertical-align: text-top; \n\t } \n\t \n\t .box img { \n\t\t display:block; \n\t\t background-color:#FFFFFF;\n\t }\n\tsection {\n\t  display: flex;\n      gap: 10px;\n\t}\n\t\n\n    <\/style>\n  <\/head>\n  <body>\n       <section>\n\t  \n     <!-- ********************************************************************** -->\n\t   \n\t   <article> <!-- bloc colloque tourisme V3 -->\n \t   <div class=\"box\"> \n\t\t <img loading=\"lazy\" decoding=\"async\" class=\"top\" alt=\"bloc date\" src=\"https:\/\/anciensmeteos.info\/wp-content\/img-accueil\/20251113-date-colloque-tourisme.png\"  width=\"170\" height=\"20\" \/> \n\t   <\/div> \n\t   <div class=\"box\">\t \n\t     <img loading=\"lazy\" decoding=\"async\" class=\"top\" alt=\"bloc image\" src=\"https:\/\/anciensmeteos.info\/wp-content\/img-accueil\/20251113-image-colloque-tourisme.png\"  width=\"170\" height=\"120\" \/> \n\t   <\/div>\t \n\t   <div class=\"box\">\t \n\t     <img loading=\"lazy\" decoding=\"async\" class=\"top\" alt=\"bloc titre\" src=\"https:\/\/anciensmeteos.info\/wp-content\/img-accueil\/20250712-titre-colloque-tourisme.png\"  width=\"170\" height=\"60\" \/> \n\t   <\/div>\n\t   <div class=\"box\"> \n  \t     <img loading=\"lazy\" decoding=\"async\" class=\"top\" alt=\"bloc lien 1\" src=\"https:\/\/anciensmeteos.info\/wp-content\/img-accueil\/20250712-lien1-colloque-tourisme.png\" width=\"170\" height=\"30\" \/><\/a> \n\t   <\/div> \n\t   <div class=\"box\">\n\t     <a href=\"https:\/\/anciensmeteos.info\/wp-content\/uploads\/2025\/07\/20251113-programme-colloque-AAM-Tourisme.pdf\">\t   \n  \t     <img loading=\"lazy\" decoding=\"async\" class=\"top\" alt=\"bloc lien 2\" src=\"https:\/\/anciensmeteos.info\/wp-content\/img-accueil\/20250712-lien2-colloque-tourisme.png\"  width=\"170\" height=\"30\" \/><\/a> \n\t   <\/div> \n\t   <div class=\"box\">\n\t     <a href=\"https:\/\/youtu.be\/By6vqTH6u2A\" target=\"_blank\">   \n  \t     <img loading=\"lazy\" decoding=\"async\" class=\"top\" alt=\"bloc lien 3\" src=\"https:\/\/anciensmeteos.info\/wp-content\/img-accueil\/20251113-lien3-colloque-tourisme.png\"  width=\"170\" height=\"30\" \/><\/a> \n\t   <\/div> \n\t   <\/article> <!-- fin bloc colloque tourisme V3 -->\n\n \t   <!-- ********************************************************************** -->\n\t   \n\t    <article> <!-- bloc annonce remise prix concours nouvelles -->\n \t   <div class=\"box\"> \n\t\t <img loading=\"lazy\" decoding=\"async\" class=\"top\" alt=\"bloc date\" src=\"https:\/\/anciensmeteos.info\/wp-content\/img-accueil\/20251112-date-concours-nouvelles-2025.png\"  width=\"170\" height=\"20\" \/> \n\t   <\/div> \n\t   <div class=\"box\">\t \n\t     <img loading=\"lazy\" decoding=\"async\" class=\"top\" alt=\"bloc image\" src=\"https:\/\/anciensmeteos.info\/wp-content\/img-accueil\/20251112-image-concours-nouvelles-2025.png\"  width=\"170\" height=\"120\" \/> \n\t   <\/div>\t \n\t   <div class=\"box\">\t \n\t     <img loading=\"lazy\" decoding=\"async\" class=\"top\" alt=\"bloc titre\" src=\"https:\/\/anciensmeteos.info\/wp-content\/img-accueil\/20241207-titre-concours-nouvelles-2025.png\"  width=\"170\" height=\"60\" \/> \n\t   <\/div>\n\t   <div class=\"box\">\n\t     <a href=\"https:\/\/anciensmeteos.info\/?p=20769\">\t   \n  \t     <img loading=\"lazy\" decoding=\"async\" class=\"top\" alt=\"bloc lien 1\" src=\"https:\/\/anciensmeteos.info\/wp-content\/img-accueil\/20251112-lien1-concours-nouvelles-2025.png\" width=\"170\" height=\"30\" \/><\/a> \n\t   <\/div> \n\t   <div class=\"box\">\n\t     <a href=\"https:\/\/youtu.be\/u-YQnyAi0PI\" target=\"blank\">\t   \n  \t     <img loading=\"lazy\" decoding=\"async\" class=\"top\" alt=\"bloc lien 2\" src=\"https:\/\/anciensmeteos.info\/wp-content\/img-accueil\/20251112-lien2-concours-nouvelles-2025.png\"  width=\"170\" height=\"60\" \/><\/a> \n\t   <\/div> \n\t   <\/article> <!-- fin bloc annonce remise prix concours nouvelles -->\n\t   \n        <!-- ********************************************************************** -->\n\n\t   <article> <!-- bloc AG 2025 -->\n       <div class=\"box\"> \n\t\t <img loading=\"lazy\" decoding=\"async\" class=\"top\" alt=\"bloc date\" src=\"https:\/\/anciensmeteos.info\/wp-content\/img-accueil\/20250930-date-support-ag-2025.png\"  width=\"170\" height=\"20\" \/> \n\t\t<\/div> \n\t\t<div class=\"box\">\t \n\t\t <img loading=\"lazy\" decoding=\"async\" class=\"top\" alt=\"bloc img\" src=\"https:\/\/anciensmeteos.info\/wp-content\/img-accueil\/20250930-image-support-ag-2025.png\"  width=\"170\" height=\"120\" \/> \n\t\t<\/div>\t \n\t\t<div class=\"box\"> \n\t\t <img loading=\"lazy\" decoding=\"async\" class=\"top\" alt=\"bloc titre\" src=\"https:\/\/anciensmeteos.info\/wp-content\/img-accueil\/20250105-titre-inscription-ag-2025.png\"  width=\"170\" height=\"60\" \/> \n\t\t<\/div>\t \n\t\t<div class=\"box\"> \n\t     <a href=\" https:\/\/anciensmeteos.info\/wp-content\/uploads\/2024\/12\/20250105-programme-AG-AAM-2025.pdf\">\n\t\t <img loading=\"lazy\" decoding=\"async\" class=\"top\" alt=\"bloc lien1\" src=\"https:\/\/anciensmeteos.info\/wp-content\/img-accueil\/20250105-lien1-inscription-ag-2025.png\"  width=\"170\" height=\"30\" \/> <\/a>\n\t\t<\/div>\t \n\t\t<div class=\"box\"> \n\t      <a href=\"https:\/\/anciensmeteos.info\/wp-content\/uploads\/2025\/10\/20250930-support-presentation_AG_AAM-2025.pdf\">\n\t\t <img loading=\"lazy\" decoding=\"async\" class=\"top\" alt=\"bloc lien2\" src=\"https:\/\/anciensmeteos.info\/wp-content\/img-accueil\/20250930-lien2-support-ag-2025.png\"  width=\"170\" height=\"60\" \/> <\/a>\n\t\t<\/div>        \n        <\/article> <!-- fin bloc AG 2025 -->\n\t   \n\t   <!-- ********************************************************************** -->\n\n       <article> <!-- bloc 3 articles -->\n \t   <div class=\"box\"> \n\t     <a href=\"https:\/\/anciensmeteos.info\/?page_id=15605\">\n\t\t <img loading=\"lazy\" decoding=\"async\" class=\"top\" alt=\"bloc 3 articles\" src=\"https:\/\/anciensmeteos.info\/wp-content\/img-accueil\/bloc-favori-3-articles.jpg\"  width=\"170\" height=\"290\" \/> <\/a>\n\t   <\/div>         \n       <\/article> <!-- bloc 3 articles -->\n\t   \n\t   <!-- ********************************************************************** -->\n\n\t   <article> <!-- bloc adhesion -->\n \t   <div class=\"box\"> \n\t     <a href=\"https:\/\/anciensmeteos.info\/wp-content\/uploads\/2026\/01\/20260101-adhesion_aam.pdf\" target=\"_blank\">\n\t\t <img loading=\"lazy\" decoding=\"async\" class=\"top\" alt=\"bloc adhesion\" src=\"https:\/\/anciensmeteos.info\/wp-content\/img-accueil\/bloc-favori-adhesion.jpg\"  width=\"170\" height=\"290\" \/><\/a> \n\t   <\/div>         \n       <\/article> <!-- bloc adhesion -->\n\t  \n\t   <!-- ********************************************************************** -->\n\t  \n\t   <article> <!-- bloc agenda -->\n \t   <div class=\"box\"> \n\t     <a href=\"https:\/\/anciensmeteos.info\/wp-content\/uploads\/2025\/11\/agenda-AAM-2026.pdf\">\n\t\t <img loading=\"lazy\" decoding=\"async\" class=\"top\" alt=\"bloc agenda\" src=\"https:\/\/anciensmeteos.info\/wp-content\/img-accueil\/bloc-favori-agenda.jpg\"  width=\"170\" height=\"290\" \/><\/a> \n\t   <\/div>         \n       <\/article> <!-- bloc agenda -->\n\t   \n\t   <!-- ********************************************************************** -->\n\n<\/section>\t  \n<\/body>\n<html>\n\n\n\n<p class=\"wp-block-paragraph\" style=\"font-size:16px\"><em>(*) dans les blocs des derni\u00e8res actus, les textes en italique et les images les plus grandes (ex : aec) sont cliquables.<br>(**) pour les favoris, ce sont les blocs entiers qui sont cliquables.<\/em><br>(***)<em> pour la consultation sur mobile, il est recommand\u00e9 de placer l&rsquo;\u00e9cran en mode paysage.<\/em><\/p>\n\n\n\n<div style=\"height:15px\" aria-hidden=\"true\" class=\"wp-block-spacer\"><\/div>\n","protected":false},"excerpt":{"rendered":"<p>Nos activit\u00e9s Nos activit\u00e9s Nos activit\u00e9s (*) dans les blocs des derni\u00e8res actus, les textes en italique et les images les plus grandes (ex : aec) sont cliquables.(**) pour les favoris, ce sont les blocs entiers qui sont cliquables.(***) pour la consultation sur mobile, il est recommand\u00e9 de placer l&rsquo;\u00e9cran en mode paysage.<\/p>\n","protected":false},"author":1,"featured_media":0,"parent":0,"menu_order":0,"comment_status":"closed","ping_status":"closed","template":"template-page-builder-no-sidebar.php","meta":{"_crdt_document":"","footnotes":""},"class_list":["post-19013","page","type-page","status-publish","hentry"],"_links":{"self":[{"href":"https:\/\/anciensmeteos.info\/index.php?rest_route=\/wp\/v2\/pages\/19013","targetHints":{"allow":["GET"]}}],"collection":[{"href":"https:\/\/anciensmeteos.info\/index.php?rest_route=\/wp\/v2\/pages"}],"about":[{"href":"https:\/\/anciensmeteos.info\/index.php?rest_route=\/wp\/v2\/types\/page"}],"author":[{"embeddable":true,"href":"https:\/\/anciensmeteos.info\/index.php?rest_route=\/wp\/v2\/users\/1"}],"replies":[{"embeddable":true,"href":"https:\/\/anciensmeteos.info\/index.php?rest_route=%2Fwp%2Fv2%2Fcomments&post=19013"}],"version-history":[{"count":2,"href":"https:\/\/anciensmeteos.info\/index.php?rest_route=\/wp\/v2\/pages\/19013\/revisions"}],"predecessor-version":[{"id":21895,"href":"https:\/\/anciensmeteos.info\/index.php?rest_route=\/wp\/v2\/pages\/19013\/revisions\/21895"}],"wp:attachment":[{"href":"https:\/\/anciensmeteos.info\/index.php?rest_route=%2Fwp%2Fv2%2Fmedia&parent=19013"}],"curies":[{"name":"wp","href":"https:\/\/api.w.org\/{rel}","templated":true}]}}