{"id":250,"date":"2018-05-27T00:13:51","date_gmt":"2018-05-26T22:13:51","guid":{"rendered":"http:\/\/anciensmbh.cluster026.hosting.ovh.net\/?page_id=250"},"modified":"2022-03-19T12:00:16","modified_gmt":"2022-03-19T11:00:16","slug":"ag-annuelle","status":"publish","type":"page","link":"https:\/\/anciensmeteos.info\/?page_id=250","title":{"rendered":"AG annuelle"},"content":{"rendered":"<table style=\"border-collapse: collapse; width: 51.6667%; height: 27px;\">\n<tbody>\n<tr>\n<td style=\"width: 100%;\">* <span style=\"color: #ff6600;\"><em>Un clic sur l&rsquo;image permet de lire le document associ\u00e9\u2026<\/em><\/span><\/td>\n<\/tr>\n<\/tbody>\n<\/table>\n<p><em>L&rsquo;AG 2021 s&rsquo;est tenue en Corse le 22\/09\/2021 \u00e0 Porticcio\u00a0\u00a0<a href=\"https:\/\/anciensmeteos.info\/wp-content\/uploads\/2022\/03\/cr_ag2021.pdf\">Compte-rendu AG 2021 extrait de l AEC n\u00b0 195<\/a><\/em><\/p>\n<p>1 &#8211; Page des documents financiers exercice de l&rsquo;ann\u00e9e en cours &#8211; (en pr\u00e9paration) <span style=\"color: #ff0000;\"><strong>Page r\u00e9serv\u00e9e aux adh\u00e9rents<\/strong><\/span>\u00a0<a href=\"http:\/\/www.anciensmeteos.info\/?page_id=9791\">Acc\u00e8s restreint<\/a><\/p>\n<p>2 &#8211; Compilation s\u00e9jours associ\u00e9s aux AG extraits des revue AEC 2008 \u00e0 2021\u00a0<a href=\"https:\/\/anciensmeteos.info\/?p=12492\">S\u00e9jours associ\u00e9s aux AG<\/a><\/p>\n<p>&nbsp;<\/p>\n<p>&nbsp;<\/p>\n","protected":false},"excerpt":{"rendered":"<p>* Un clic sur l&rsquo;image permet de lire le document associ\u00e9\u2026 L&rsquo;AG 2021 s&rsquo;est tenue en Corse le 22\/09\/2021 \u00e0 Porticcio\u00a0\u00a0Compte-rendu AG 2021 extrait de l AEC n\u00b0 195 1 &#8211; Page des documents financiers exercice de l&rsquo;ann\u00e9e en cours &#8211; (en pr\u00e9paration) Page r\u00e9serv\u00e9e aux adh\u00e9rents\u00a0Acc\u00e8s restreint 2 &#8211; Compilation s\u00e9jours associ\u00e9s aux AG &hellip; <a href=\"https:\/\/anciensmeteos.info\/?page_id=250\" class=\"more-link\">Continuer la lecture<span class=\"screen-reader-text\"> de &laquo;&nbsp;AG annuelle&nbsp;&raquo;<\/span><\/a><\/p>\n","protected":false},"author":1,"featured_media":0,"parent":0,"menu_order":0,"comment_status":"closed","ping_status":"closed","template":"","meta":{"_crdt_document":"","footnotes":""},"class_list":["post-250","page","type-page","status-publish","hentry"],"_links":{"self":[{"href":"https:\/\/anciensmeteos.info\/index.php?rest_route=\/wp\/v2\/pages\/250","targetHints":{"allow":["GET"]}}],"collection":[{"href":"https:\/\/anciensmeteos.info\/index.php?rest_route=\/wp\/v2\/pages"}],"about":[{"href":"https:\/\/anciensmeteos.info\/index.php?rest_route=\/wp\/v2\/types\/page"}],"author":[{"embeddable":true,"href":"https:\/\/anciensmeteos.info\/index.php?rest_route=\/wp\/v2\/users\/1"}],"replies":[{"embeddable":true,"href":"https:\/\/anciensmeteos.info\/index.php?rest_route=%2Fwp%2Fv2%2Fcomments&post=250"}],"version-history":[{"count":0,"href":"https:\/\/anciensmeteos.info\/index.php?rest_route=\/wp\/v2\/pages\/250\/revisions"}],"wp:attachment":[{"href":"https:\/\/anciensmeteos.info\/index.php?rest_route=%2Fwp%2Fv2%2Fmedia&parent=250"}],"curies":[{"name":"wp","href":"https:\/\/api.w.org\/{rel}","templated":true}]}}